pose 5*f = -20, 4*d - 1720 = 3*f - i*f. What is the units digit of 66/d + 386/26?
5
Let k be 8/1 + (-2)/((-4)/(-6)). Suppose -2*y + y = -5*b - 106, -k*y + 440 = 5*b. Suppose 5*s + 6 = y. What is the tens digit of s?
1
Suppose 4*z + s - 12636 = 0, -38*s = 2*z - 35*s - 6338. What is the units digit of z?
7
Suppose 0 = 4*s - 2*i - 75398, 8*i - 10*i + 18842 = s. What is the hundreds digit of s?
8
Let z = -51 - -71. Suppose -22*f = -z*f - 564. What is the units digit of f?
2
Let d(f) = -632*f + 11173. What is the ten thousands digit of d(-97)?
7
Let x = 5328 + 505. What is the tens digit of x?
3
Let n = 3 + -8. Suppose 0 = -3*b - 3*a + 3, -15*b - 14 = -17*b + 2*a. What is the units digit of (-4 + -1)*(0 + n + b)?
5
What is the thousands digit of (-5 - -1)/((-20)/1646)*2625/175?
4
Suppose 5*o - 5*c = 8*o - 405, -4*c = 12. What is the units digit of 1105/3 - (-8 - o/(-15))?
7
Let o(z) = 6*z**2 - 2*z + 18*z + 13*z**2 - 10*z**2 - 1. What is the units digit of o(-2)?
3
Let f = -3956 - -6483. Suppose -10*j = f - 7657. What is the tens digit of j?
1
Let b(g) = 17*g**2 + 28*g - 12. What is the hundreds digit of b(46)?
2
Let d(y) = 2459*y - 1688. What is the units digit of d(7)?
5
Suppose 0*x + 5*x = -75. Let l be (35/x)/((-1)/(-18)). Let g = 76 - l. What is the hundreds digit of g?
1
Let v(i) = -i**3 - 5*i**2 + 6*i - 5. Let b be (4/(-5))/(-5 - 308/(-60)). Let r be v(b). What is the units digit of (-10)/8*200/r?
0
Suppose -4*s + 1864 = -0*s. Suppose -317 - s = -3*a. What is the hundreds digit of a?
2
Suppose -607376 = -174*t - 13*t. What is the units digit of t?
8
Suppose -3*w + 5*q + 15 + 2 = 0, -4*w = -3*q - 19. Suppose u - 5 = 3*m, 2*u - 10 = w*m - 9*m. Suppose 5*i - 290 - 165 = m. What is the tens digit of i?
9
Let w(a) = -20*a - 1339. Let y be w(0). Let o = y - -1961. What is the units digit of o?
2
What is the units digit of ((-24012)/(-115))/(4/220)?
4
Let q be (128/16)/(1/(-36)). Let j = 117 - q. What is the units digit of j?
5
Suppose 0 = -2*d, -5*d = 8*h - 10*h + 4236. What is the hundreds digit of h?
1
Suppose -5*o = -5*p + 245, p + 2*p = 9. Let m = o + 44. What is the tens digit of (11/((-77)/10))/(m/14)?
1
Let r = 197533 - 125056. What is the thousands digit of r?
2
Suppose -5*v + 1245 = 4*r, 3*v + 5*r = -0*v + 747. Let k = v + 679. What is the units digit of k?
8
Suppose 15*g = 4*k + 14*g - 68584, -4*g - 171466 = -10*k. What is the hundreds digit of k?
1
Let z = -43 + 45. Suppose -z*d - 3*w = -1173, -3*d - 4*w + 1716 = -43. What is the tens digit of d?
8
Suppose o = -h - 4*h + 81, 1 = h + 4*o. Suppose -63 = -h*l + 14*l. Suppose 0 = -18*s + l*s - 393. What is the units digit of s?
1
Suppose 2*p + 24 = 5*p. Suppose p*a - 2156 = a. What is the tens digit of a/8 - 3/(-2)?
4
Suppose 33 = -4*s + 9. What is the units digit of (988/(-10) + s)*(-7 + 2)?
4
Let s(v) = -4*v + 25. Let t be s(5). Suppose 91*k - 1760 = 87*k. Suppose p = t*p - k. What is the hundreds digit of p?
1
Suppose 3*z - 921 - 366 = 0. Let p(u) = -545*u - 15. Let f be p(-2). Suppose 0 = -5*r - 5*k + f, -2*k - z = -2*r - 19. What is the units digit of r?
0
Let h be (-21)/(-3) - (-2775 + -14). Let b = h + -1679. What is the thousands digit of b?
1
Suppose 16*v = -7*v + 46. What is the tens digit of (14/(-4))/(-7) + 2697/v?
4
Let b(h) be the first derivative of -h**4/4 - 4*h**3/3 + 2*h**2 + 5*h - 2. Let v be b(-5). Suppose q + v = 21. What is the units digit of q?
1
Suppose 0 = 5*l - j - 185260, -457*l - 3*j - 148197 = -461*l. What is the hundreds digit of l?
0
Let n(a) = 6*a**2 - 35*a - 790. What is the hundreds digit of n(-39)?
7
Suppose 5*o - 183 = 347. Let h be (-3)/(-12) + o/(-8). Let v = 87 + h. What is the units digit of v?
4
Suppose 4*r = 3*u - 11402, 15*r - 11*r = -2*u + 7608. What is the thousands digit of u?
3
Suppose 3273 = 41*f - 280139 - 181487. What is the ten thousands digit of f?
1
Let b(v) = v**2 + 27*v - 160. Let q be b(-32). Suppose -110*o + 87*o + 37214 = q. What is the units digit of o?
8
Let y = -11 - -24984. What is the hundreds digit of y?
9
Let c(v) = 6045*v**3 + 2*v**2 + 2*v - 1. What is the tens digit of c(1)?
4
Let n(k) = -28*k - 56. Let z(x) = 14*x + 23. Let i(o) = 3*n(o) + 7*z(o). Let p = 7 + 0. What is the tens digit of i(p)?
9
Let p(l) = l + 4. Let o be p(-5). Let i = -9 + o. Let k(c) = -c**3 - 10*c**2 - 3*c - 18. What is the units digit of k(i)?
2
Let i(d) = d**3 + 8*d**2 + d - 25. Suppose 0 = 5*z + 6 - 66. Let q = z + -19. What is the tens digit of i(q)?
1
Suppose 36*z - 64 = 40*z. Let d be z/(-6)*18/24. What is the units digit of (d - 0 - 4) + (21 - -1)?
0
Suppose -4*h - 5*x = -2*x + 747, 0 = -2*h - 4*x - 376. What is the tens digit of (30/9)/((-2)/h) + -4?
0
Let u be 6794/(-12) - -1*2/12. Let d = -338 - u. What is the tens digit of d?
2
Suppose 0 = 46*n - 42*n - 16. Suppose 0 = -5*b - 5, n*b - 1671 = -5*w - 0*b. What is the tens digit of w?
3
Suppose 2*n = -5*i + 1061 + 7599, 5*i - 13000 = -3*n. What is the tens digit of n?
4
Suppose -16*h = -3*h. Suppose h = 3*u + 26*u - 18705. What is the tens digit of u?
4
Suppose -1145*k = -1147*k + 4520. What is the thousands digit of k?
2
Let t(k) = 5*k**2 - 3*k - 4. Let f be (-3)/9 + 76/12. Suppose -7*j = -5*j - f. What is the tens digit of t(j)?
3
Let z be ((-6)/(-9))/(58/(-783)). What is the hundreds digit of (-4430)/z - 68/306?
4
Let f(l) = 64*l**3 - l**2 + 3*l - 2. Suppose 4*t = 10 + 86. Let c be ((-6)/t)/((-2)/8). What is the units digit of f(c)?
4
Suppose -28 = -103*r + 99*r. Let v(l) = -9*l**2 + 2*l**3 + 10*l - 10 + 3 + r*l + 4. What is the hundreds digit of v(6)?
2
Let i(l) = l**3 + 11*l**2 - 15*l + 3. Let b be i(-11). Let w = b + -144. What is the tens digit of w?
2
Suppose -20*p + 38794 = 5*i - 24*p, -p = -3*i + 23275. What is the tens digit of i?
5
Let y(s) be the first derivative of s**4/4 + 7*s**3/3 + 4*s**2 - s - 10. Let m be y(-5). Let u(r) = 3*r**2 - 9*r + 43. What is the tens digit of u(m)?
0
Let g(a) = 2*a + 13. Let b be g(-4). Suppose -5*u = -b*i + 805, -3*u - 170 = -i + u. Suppose 114 = 2*t + 4*v, -3*t + 17 = 4*v - i. What is the units digit of t?
1
Let a(j) = -4186*j + 3079. What is the ten thousands digit of a(-4)?
1
Let o = -1124 + 2031. Let j = o - 29. What is the tens digit of j?
7
Let h = 822 - -157. What is the units digit of h?
9
Let k be 404 - -9 - (-3 + 2). Suppose 3*j - 2*v = 1172, j + 3*v = -v + k. What is the tens digit of j?
9
Let i be -6*(-4 - 3/(-6)). Suppose p + 7 = -0*p. What is the tens digit of (-479)/p + (-9)/i?
6
Let d = 150 - 153. What is the hundreds digit of (-1158)/(-5) + (-5)/(-25)*d?
2
Suppose 0 = 2*h + a - 9, -3*h + 3*a - 7 = h. Suppose -980 = 2*b - 5*b + 4*z, 5*b = h*z + 1610. What is the units digit of b?
0
Let x = -4005 + -3620. Let a be (-5)/((-50)/12)*x/(-50). Suppose -q + 191 = 5*i, -q + 4*q - a = -5*i. What is the tens digit of i?
3
Suppose 0 = 48*s - 62*s + 280. Let x(l) = l**2 + 97. What is the tens digit of x(s)?
9
Let u be (-2)/5*1 + (-3738)/105. Let j = u + 38. Suppose 635 = 3*w + j*w. What is the hundreds digit of w?
1
Let x(y) = 65*y - 23. Let z(g) = -1. Let k(t) = -x(t) + 5*z(t). What is the units digit of k(-4)?
8
Suppose 0 = -12*p - 2*p + 2870. Let v = p + -126. What is the tens digit of v?
7
Suppose 0 = -4*q + 4*y + 64076, -2*q + 12687 = -y - 19356. What is the tens digit of q?
2
Suppose 0 = -28686*a + 28618*a + 1843140. What is the hundreds digit of a?
1
Suppose 4*o = 5*d + 2*o, 0 = -o - 5. Let y be d/6*(-2)/4*0. Suppose y = 2*r + 73 - 213. What is the units digit of r?
0
Suppose -3 = t, 2*l = -0*l - 4*t + 72. Let w be l/(-6)*(-2 - -1). Suppose -w*i - 952 = -14*i. What is the tens digit of i?
3
Let o = 475 - 461. What is the hundreds digit of (-1)/(-1) - (-504 + o/(-7))?
5
Suppose 768466 + 225518 = 18*m + 14*m. What is the ten thousands digit of m?
3
Suppose -7*y - 3*y + 7840 = 0. Let a = y - 452. What is the hundreds digit of a?
3
Let y = 599 + -391. Let s = -99 - -49. Let w = y + s. What is the tens digit of w?
5
Let r(y) = 13*y**2 + 10*y - 17. Suppose 4*t = 3*n - 22, -3*n + 2*t + 25 = 5. What is the units digit of r(n)?
1
Suppose -4*l + 5*p + 905 = 0, -l + 162 = 4*p - 59. Let x = -177 - -325. Let z = l - x. What is the tens digit of z?
7
Let c(v) = 2*v**2 - 5*v - 5. Let s be c(3). What is the tens digit of (540 - -5)*(3 + s + 0)?
4
Let l